In base 13, what is -443c - 15?
-4454
In base 14, what is 111a + -1b?
10dd
In base 11, what is 76801a - -1?
768020
In base 14, what is -4 - 1db25?
-1db29
In base 8, what is 131020 + -4?
131014
In base 12, what is -221 + 1553?
1332
In base 11, what is -164 + 6777?
6613
In base 4, what is 11 - 1113022?
-1113011
In base 5, what is 4301312 - -10?
4301322
In base 7, what is -14362 - 3102?
-20464
In base 11, what is 0 - -53732?
53732
In base 2, what is -1000000001 + -1011101000?
-10011101001
In base 15, what is 6 + -d39c?
-d396
In base 3, what is 1020 - 12200202002?
-12200200212
In base 4, what is 1003 - 21221212?
-21220203
In base 7, what is 44305 + -11?
44264
In base 11, what is 63977 - -5?
63981
In base 2, what is 10111010011 + 111111?
11000010010
In base 13, what is 23897 - 6?
23891
In base 5, what is 20242 - -110?
20402
In base 5, what is 0 - -200034401?
200034401
In base 9, what is -226571 + 1?
-226570
In base 9, what is 21 - -40040?
40061
In base 6, what is 52552031 - -3?
52552034
In base 6, what is 10 - 12335?
-12325
In base 10, what is -31 + 3817?
3786
In base 15, what is -21b7 - -15?
-21a2
In base 12, what is 242 + 8b6a?
91b0
In base 2, what is -110 - 101100001111011?
-101100010000001
In base 9, what is -175 - 4616?
-4802
In base 6, what is -5025 + 52?
-4533
In base 16, what is -57c - 1f2?
-76e
In base 13, what is 163 + -5ca?
-467
In base 7, what is 4 + -1344160?
-1344153
In base 14, what is 1563 - -8?
156b
In base 12, what is b1b4 - -4?
b1b8
In base 14, what is -3cbdd - 4?
-3cc03
In base 14, what is -2a - -d9?
ad
In base 11, what is -125 + -1?
-126
In base 12, what is 5 - -1458b?
14594
In base 7, what is 11 + -16212?
-16201
In base 6, what is -555 - -34?
-521
In base 12, what is 30428 + 1?
30429
In base 8, what is -5 - -35725?
35720
In base 16, what is 0 - -3f79d?
3f79d
In base 5, what is -140200 - 304?
-141004
In base 16, what is -79 + -52fa?
-5373
In base 16, what is e0805 + -4?
e0801
In base 16, what is -292a + -1c?
-2946
In base 6, what is 400320 + -2?
400314
In base 11, what is 4 - -117a6?
117aa
In base 6, what is -12411 + 52?
-12315
In base 3, what is -1021111202000 - -10?
-1021111201220
In base 3, what is 1001222002 - 0?
1001222002
In base 9, what is 5 + 6521?
6526
In base 4, what is -2322212 + 11?
-2322201
In base 8, what is 413 + 2035?
2450
In base 6, what is 44252 + -13?
44235
In base 11, what is -1 - 93a890?
-93a891
In base 12, what is 2 - -958b9?
958bb
In base 11, what is -6 + 11291?
11286
In base 15, what is -230 - 43?
-273
In base 8, what is 1 - 44340?
-44337
In base 15, what is 5603b + d?
56049
In base 11, what is 984957 + 2?
984959
In base 7, what is -4425 + 342?
-4053
In base 13, what is -1 - a92b?
-a92c
In base 15, what is 23582e - -5?
235834
In base 7, what is 4 + -136044?
-136040
In base 7, what is -12 + -1651?
-1663
In base 9, what is -841 - 31?
-872
In base 7, what is -141325 - -10?
-141315
In base 6, what is 52425 - -51?
52520
In base 6, what is -20405 - 414?
-21223
In base 9, what is 11118 - 4?
11114
In base 5, what is -302 + -4243?
-10100
In base 8, what is 14321300 - -1?
14321301
In base 9, what is 2 - -1034431?
1034433
In base 10, what is -375 + -6254?
-6629
In base 10, what is -50 - -3885?
3835
In base 4, what is -12 + -22110303?
-22110321
In base 3, what is -2021021210 - -1020?
-2021020120
In base 6, what is -20 - 32312?
-32332
In base 10, what is 2 + -1170278?
-1170276
In base 14, what is -21a7 - -35?
-2172
In base 16, what is 1464 + -9?
145b
In base 14, what is -2 + 341?
33d
In base 15, what is -363 + -1bb?
-52e
In base 8, what is -3 + -1155441?
-1155444
In base 2, what is -11110101000101111 + 100?
-11110101000101011
In base 11, what is 24a0411 - 0?
24a0411
In base 6, what is 112121 - 2?
112115
In base 7, what is 55 + -35?
20
In base 9, what is -56140 - 2?
-56142
In base 5, what is 0 - 313230?
-313230
In base 8, what is -5 - -351324?
351317
In base 16, what is -4dd - b?
-4e8
In base 15, what is -9decc - -3?
-9dec9
In base 11, what is 226 + -21?
205
In base 4, what is 1 + -10001011?
-10001010
In base 16, what is -2 - -b5a9?
b5a7
In base 11, what is -6086 + -53?
-6129
In base 13, what is 17048 + 4?
1704c
In base 14, what is -6a60 + 64?
-69da
In base 5, what is -3021311 - 10?
-3021321
In base 8, what is -7743 + 23?
-7720
In base 14, what is -11 - 490?
-4a1
In base 6, what is 0 + 222324?
222324
In base 15, what is -6ed82 + 3?
-6ed7e
In base 15, what is -1e0 + -7a8?
-998
In base 3, what is 10 + 220210110?
220210120
In base 4, what is -31 + -1121232?
-1121323
In base 3, what is 201011201 - 12?
201011112
In base 14, what is -529 - -cb4?
789
In base 9, what is -1 - 1058850?
-1058851
In base 8, what is -616613 - -4?
-616607
In base 2, what is -110100011001 - 1?
-110100011010
In base 9, what is 440605 + 0?
440605
In base 4, what is -10021021 + 10?
-10021011
In base 6, what is 113 + 1354?
1511
In base 12, what is -121 - 700b?
-7130
In base 4, what is -23332 + 302?
-23030
In base 12, what is -64 + -17768?
-17810
In base 10, what is -81 + 1355?
1274
In base 7, what is 1146 + 3?
1152
In base 7, what is -52 - 246000?
-246052
In base 2, what is 111101010011110 + 1?
111101010011111
In base 14, what is 19 - -221?
23a
In base 7, what is -1356 - 2062?
-3451
In base 3, what is -21122021021 + -11?
-21122021102
In base 8, what is -2731011 + -2?
-2731013
In base 7, what is 466552 - 1?
466551
In base 3, what is 1111012 + -2110?
1101202
In base 8, what is 3 - 554331?
-554326
In base 13, what is 76180 - -4?
76184
In base 6, what is -51 + -44352?
-44443
In base 4, what is -1201313 + 12?
-1201301
In base 7, what is 3535440 - 0?
3535440
In base 16, what is 3655 - -1?
3656
In base 16, what is -b539 - 5?
-b53e
In base 2, what is -1101 - 110010101011?
-110010111000
In base 3, what is 22010222 - 211?
22010011
In base 12, what is 254 + 103?
357
In base 16, what is 5 - -2477?
247c
In base 10, what is -250048 + -19?
-250067
In base 5, what is 204 - 130130?
-124421
In base 11, what is -29 + -1935?
-1963
In base 2, what is 101000001 - 111100010?
-10100001
In base 3, what is 2102011012 - 11?
2102011001
In base 13, what is -218 - 78?
-293
In base 9, what is -7235 + -71?
-7316
In base 4, what is -1112 + 30010?
22232
In base 11, what is 25 - -243?
268
In base 8, what is -14056 - -5?
-14051
In base 11, what is -69 + -a19?
-a87
In base 13, what is -1935 - -54?
-18b1
In base 8, what is -23023 + 133?
-22670
In base 11, what is -37959 + -6?
-37964
In base 15, what is 2 + -3a97?
-3a95
In base 9, what is -2511623 + -4?
-2511627
In base 11, what is -18 - 364?
-381
In base 15, what is 36 - 22?
14
In base 4, what is -1230133 + 31?
-1230102
In base 16, what is -9 + 21e?
215
In base 9, what is 1 + -1712?
-1711
In base 13, what is 7 - 270b5?
-270ab
In base 15, what is 7e4 - 56?
78d
In base 4, what is -11 - -2020233213?
2020233202
In base 8, what is 2 - 43171?
-43167
In base 15, what is 26a97 - 9?
26a8d
In base 9, what is -1742755 + 2?
-1742753
In base 10, what is -340 - 618?
-958
In base 9, what is -35808 + 4?
-35804
In base 15, what is be85 - 3?
be82
In base 16, what is -256 + -3b7?
-60d
In base 2, what is -10000010101 + 111010?
-1111011011
In base 8, what is -3 - 14440?
-14443
In base 5, what is 3 + -24430233?
-24430230
In base 12, what is 6 - -8771?
8777
In base 2, what is -1010101 - -101100?
-101001
In base 7, what is 20 - 42206?
-42156
In base 8, what is -177101 - -2?
-177077
In base 7, what is 45564 + -21?
45543
In base 10, what is -1491 + 13?
-1478
In base 3, what is -12021012 - -220?
-12020022
In base 14, what is 2 + cc24?
cc26
In base 10, what is -802 - -5569?
4767
In base 9, what is -5 - -1234067?
1234062
In base 6, what is 15553 + 125?
20122
In base 14, what is -2887 + 3a?
-284b
In base 10, what is 22086 + 37?
22123
In base 4, what is 1012001 - -13?
1012020
In base 2, what is 111010000100000 + -1010?
111010000010110
In base 8, what is 1 + -6711?
-6710
In base 13, what is -21 - 322?
-343
In base 5, what is 3 - 22311232?
-22311224
In base 13, what is 4 + 2962a?
29631
In base 16, what is -7 - 487e?
-4885
In base 4, what is 1203 - 220?
323
In base 5, what is -1322 + 4441?
3114
In base 3, what is -102001201010211 + 11?
-102001201010200
In base 6, what is -132 + 3225?
3053
In base 9, what is 8283 - -2?
8285
In base 2, what is -1100010001 - 100001010?
-1